et k = -610 - -613. Suppose -k*i + 5841 = -9*j + 6*j, 5*j - 9755 = -5*i. Is i composite?
False
Let s be (1 - (12/2)/(-3)) + 2. Let q(g) = -g**3 - 12*g**2 + 15*g + 10. Let w(i) = 7*i**2 - 8*i - 5. Let y(t) = s*w(t) + 3*q(t). Is y(-4) composite?
True
Let s be 16/120 - (4 - 36026/30). Suppose -s + 262 = -5*h. Is h prime?
False
Suppose 0 = -k + 6*k + 2*z + 85, 4*z = 0. Let a be 0 - (-7 - -7) - -8. Let r = a - k. Is r a prime number?
False
Let x(g) be the third derivative of 9*g**6/40 - 2*g**5/15 + 7*g**4/24 + 2*g**3/3 - 13*g**2 + g. Is x(5) a composite number?
True
Suppose 106*t - 70 = 101*t. Let u be t/(-49) - 32090/(-7). Suppose 53*c + u = 61*c. Is c a composite number?
True
Let t = 15 + -15. Suppose t = 3*w + 2*w + 20, 0 = a + 4*w + 16. Suppose 2*b - 4*o = -98 + 1190, 4*b - 2*o - 2160 = a. Is b a composite number?
True
Suppose 285*w - 3488518 - 164037 = -80*w. Is w a prime number?
True
Let r = 244175 + 34443. Is r a prime number?
False
Let q = -506 + 216. Let v = q - -877. Is v composite?
False
Suppose -5*n + 2031 - 5861 = 0. Suppose -2*k + 1996 = -6*k. Let h = k - n. Is h a composite number?
True
Let n(g) = 46385*g**2 + 99*g + 17. Is n(-2) prime?
True
Suppose 5*l = 17*g - 18*g + 3707, -4*g - l + 14942 = 0. Is g a prime number?
False
Suppose 1168*m = 1128*m - 20968613 + 70347373. Is m composite?
True
Let c(q) = 53*q**3 + 3*q**2 + 4*q - 1. Let f(u) = 2*u + 1. Let m be f(2). Suppose 3*k = -3, -b - m*k = -0*k + 2. Is c(b) a composite number?
True
Suppose 0*t = 5*t. Suppose 5 = 5*h + 5*z, -10 = -5*h - 3*z + 3. Suppose u + b = 91, 2*b + 1 - h = t. Is u prime?
True
Let u = 26103 + -14492. Is u composite?
True
Let i(j) = -2*j**3 + 2*j**2 + j. Let u be i(-1). Let x be (324/(-15))/(u/10). Is (-1504)/x - 1/(-9) a composite number?
True
Suppose 3*q - 2*x - 524083 = 0, -5*q + 1345460 - 471989 = -4*x. Is q a prime number?
False
Let z(s) = 168*s**2 - 1. Let r be z(-1). Let v = 62 - r. Let j = v + 326. Is j a prime number?
False
Suppose 17*m - 24421 - 55972 = 0. Is m prime?
True
Suppose -700 = -4*j + 388. Let m = j - -7011. Is m a composite number?
False
Suppose v + v - 4124 = 0. Suppose 5*f - 52 = -36*d + 33*d, 0 = -2*d - 2*f + 28. Is (v - (d + -5)) + -5 a composite number?
False
Let k(c) = -c - 1 - 14*c**3 + 1 - 7 + c**2 + c**3. Let d be k(-4). Suppose -5*y + d = 5*m, -5*m + 4*m = -5*y + 827. Is y a prime number?
False
Suppose 26398 - 6413 = 5*r - 5*n, 3*r - 12001 = n. Let y = 12503 - r. Is y prime?
True
Suppose 30*z - 2134311 = -1694286 + 3139845. Is z composite?
True
Suppose -14 - 11 = -5*t - 5*v, 4*t = 4*v + 4. Let o be (t/(-6)*8)/(1/(-4)). Let n = o - 3. Is n prime?
True
Let d(t) = -238*t**3 + 12*t**2 - 32*t - 17. Is d(-9) composite?
True
Let k(s) = -s**2 + 6*s - 1. Let u be k(5). Suppose 2*h = 5*c + 10682, 0*c + 16 = -u*c. Let f = h - 2702. Is f prime?
False
Suppose -4*g - 2 + 13 = b, -3*b - 52 = -5*g. Let r be (-77)/(-21) - 3/b. Suppose r*y - 2*y = 4*n + 1462, 0 = -3*y + 3*n + 2205. Is y a prime number?
True
Suppose -1007 = 2*v - 1011. Suppose 0 = 5*w + 4*b - 20683, 0 = 2*w + v*w + 4*b - 16544. Is w prime?
True
Let g(d) = -d**2 + 10*d + 19. Let l be g(-2). Let c be 2/4*((-25)/l - 5). Suppose c = -29*f + 27*f + 538. Is f prime?
True
Let q be (-3)/2*32/12*-6. Suppose q*a = 6*a + 95454. Is a a prime number?
True
Let s(l) = -l**2 + 28*l - 26. Let y be s(1). Is 6524 + y/((-2)/(4 - 10)) a composite number?
True
Let b = 1259 + 191. Let n = 2469 - b. Is n prime?
True
Let j(y) be the third derivative of 1/6*y**5 - 2*y**2 + 0*y + 0*y**4 + 0 + 19/6*y**3. Is j(6) composite?
False
Let p(x) = -x**3 + x**2 - x + 393. Let b be p(0). Let r be 105/(-7)*(-4)/20. Suppose r*t - b = 258. Is t prime?
False
Suppose 35*i - 986 = i. Suppose 70127 = -6*n + i*n. Is n a composite number?
False
Suppose -m - 1509 = -1892. Let h = m - 180. Is h prime?
False
Let k = -115200 + 193279. Is k a prime number?
True
Let j be (-17)/(-3) + 7/3 + -3. Let u(g) = 66*g**2 + 5*g - 24. Is u(j) composite?
True
Let v(d) = -15256*d + 853. Is v(-34) a prime number?
False
Let r(t) = 60948*t**2 + 43*t + 9. Is r(2) composite?
True
Let o = -183 + 211. Is -2*(2 + 0 + (-18298)/o) prime?
True
Let j = -325 + 332. Suppose 16907 = j*v + 4*v. Is v a composite number?
True
Let x be 1 - (-12)/(-4)*23*275. Let v = -5305 - x. Is v a composite number?
False
Let y be (-4 + 0)/(0 - 2). Suppose -3 = 5*p - y*d, d = 3*p + 6*d - 23. Is -89*(-2 + p + 0) prime?
True
Let k(q) = 9*q**2 - 66*q - 1726. Is k(-109) prime?
True
Let z(b) = 1253*b - 4. Suppose 0*o + 8 = 4*x - 4*o, -4*x + 3 = o. Is z(x) a composite number?
False
Let i = 195524 - 138769. Is i a prime number?
False
Let h(a) = 1503*a + 316. Is h(5) a composite number?
True
Let o(x) = -4*x - 11. Let z be o(-4). Suppose 5*l - 1990 = -z*l. Is l prime?
True
Let i = -24 - -13. Is 95 + -1 + i/(121/(-33)) prime?
True
Let i(u) = -2651*u + 4. Suppose 0*r = -2*r - 2. Let n be i(r). Suppose 8*q - n = -q. Is q composite?
True
Suppose 4*d = 5*r - 24546, 5*r + 30697 = -5*d + 4*r. Let o = -2488 - d. Is o prime?
False
Let n = 2474 + -1576. Suppose 20*b + 13*b = 0. Suppose 2*t = -b*t + n. Is t composite?
False
Let p = -710 + 445. Let l(v) = 126*v - 372. Let u be l(6). Let k = p + u. Is k a composite number?
True
Is (-1488980)/(-18) - 68/612 composite?
False
Let c = 335 - -263. Suppose -25*i + 8449 + 10851 = -5*j, 0 = -3*i + 3*j + 2328. Let r = c + i. Is r composite?
True
Let x(u) = 61091*u**2 - 308*u + 48. Is x(5) prime?
False
Suppose 0*u = -2*u - 24. Let r be (-1 - -3 - (14 + u))*-1. Is r/(0 + 3) - -3019 a prime number?
True
Suppose 4*x - 274785 = -5*i + 34508, -3*i + 4*x + 185595 = 0. Is i a prime number?
True
Suppose m - 5*k = 20, 20 = 3*m - 46*k + 41*k. Suppose 4*q - 4592 = -5*z + 1693, -5*z + 5*q + 6285 = m. Is z prime?
False
Suppose 2*d - j = 877564, -1316333 = -30*d + 27*d - 5*j. Is d a prime number?
False
Is 1 + (5 - (-318)/(-60) - 1125583/(-10)) a composite number?
False
Suppose 0 = -4*x + 2*j + 2778, -x + j = -0*x - 696. Let d be 1/(45/44 - 1). Let i = x - d. Is i a prime number?
False
Suppose 2*v = -2*v - 264. Let k = -33 - v. Suppose -9505 = k*p - 38*p. Is p composite?
False
Is 39121/(-1102)*-2*1*547 prime?
False
Suppose -68870 = 18*a + 23506. Let l = a - -7911. Is l prime?
False
Suppose -8358 = 4*z - 10*z. Suppose k + 2*a = a + 275, -z = -5*k + 4*a. Is k a prime number?
True
Suppose 5*h = -0*h + 16965. Let f = 6220 - h. Is f a prime number?
False
Suppose -10*a + 32*a = 132. Is a/(-27) - 413750/(-90) a composite number?
False
Suppose -q + 8*q + 14 = 0. Let j be -6 - -1 - (-1)/(-1 - q). Is (-7959)/28*j/3 a prime number?
True
Suppose 11*m + 4*m + 488847 = 8275032. Is m prime?
False
Suppose -21 + 3 = -6*j. Suppose -2*t - j*t - 2*v = -2451, 1953 = 4*t - v. Suppose 2*b = -3*o + t, 4*b = 2*b + 6. Is o a composite number?
True
Suppose -5*g = 5, 5*j - 3*g + 632 = -0*j. Suppose -3*v + 3*r + 555 = 0, -33 = 2*v + 4*r - 373. Let o = v - j. Is o a prime number?
True
Let r = 773 + -771. Is 17907 - 1 - ((-7 - r) + 12) a composite number?
False
Suppose -3*h + 5*w + 40 = 0, -2*h + w = -0*h - 15. Suppose -5*p - 3931 = -n - 3*p, -p + 19600 = h*n. Is n a prime number?
False
Let l = 150110 - -66641. Is l prime?
True
Let z(a) = -7*a**3 - 92*a**2 - 289*a + 257. Is z(-40) composite?
False
Let c = -22 + 11. Let o be 2/10 - c/(-55). Suppose 4*i + 3951 = 5*p, -3931 = -o*p - 5*p - i. Is p a prime number?
True
Let u(p) = -277*p**3 + 4*p**2 + p - 2. Let a be u(-3). Suppose -3*o = -2*j + a, -o = -3*j + 4321 + 6958. Is j a composite number?
False
Suppose -9 = -s - 0*s. Suppose -s*f + 12281 - 4415 = 0. Suppose f = 24*l - 22*l. Is l a prime number?
False
Let k(m) = -m**2 + 4*m + 9. Let u be k(5). Suppose 2*a - 4 = u. Suppose -2*p - a = 2*p, 5*i + p = 484. Is i prime?
True
Let y be 2*1 - (-3 - -6 - 6). Suppose 2819 = y*g - 2886. Is g prime?
False
Let h = -647 - -674. Is (h - 30 - (0 + 19514))/(-1) prime?
False
Suppose 0 = 5*l + 2*u - 4107 - 58721, 12584 = l + 5*u. Suppose 16*g - l = 14268. Suppose 11*c - g - 1656 = 0. Is c a composite number?
True
Suppose 3*u + 2*m - 11 = 0, -u - 9*m = -4*m + 5. Suppose 0 = -3*q + u*c + 25974, -17320 = -2*q - 22*c + 24*c. Is q prime?
True
Let d(u) = -4*u - 1. Let f be d(-1). Let j(y) = 55*y**2 + 2 - 4*y + 104*y**2 + 45*y**2 - 7. Is j(f) composite?
True
Let m(z) = 2*z - 10.